{"id":486,"date":"2024-11-01T16:00:56","date_gmt":"2024-11-01T15:00:56","guid":{"rendered":"http:\/\/rapprochees.com\/?page_id=486"},"modified":"2025-07-08T13:07:14","modified_gmt":"2025-07-08T11:07:14","slug":"agenda","status":"publish","type":"page","link":"https:\/\/rapprochees.com\/index.php\/agenda\/","title":{"rendered":"AGENDA"},"content":{"rendered":"\n<p class=\"has-vivid-cyan-blue-color has-text-color has-background has-link-color has-medium-font-size wp-elements-55186377bd7d9cb30e48109c5ad72a09\" style=\"background:linear-gradient(135deg,rgb(252,185,0) 58%,rgb(255,105,0) 100%)\"><strong><a href=\"https:\/\/framagenda.org\/apps\/calendar\/dayGridMonth\/2025-09-01\" target=\"_blank\" rel=\"noreferrer noopener\">LIEN FRAMAGENDA DE RAPPROCH\u00c9ES<\/a><\/strong><\/p>\n\n\n\n<p>RETROUVEZ L&rsquo;AGENDA DES ACTIVIT\u00c9S DE RAPPROCH\u00c9ES<\/p>\n\n\n\n<ul class=\"wp-block-list\">\n<li>TRAINING D\u00e9ploiement<\/li>\n\n\n\n<li>Les Mouvements Primordiaux (LMP)<\/li>\n\n\n\n<li>Danse Forum<\/li>\n\n\n\n<li>Session d&rsquo;impro<\/li>\n\n\n\n<li>Jam de Contact Impro<\/li>\n<\/ul>\n\n\n\n<ul class=\"wp-block-list\">\n<li>Stages<\/li>\n<\/ul>\n\n\n\n<p><\/p>\n","protected":false},"excerpt":{"rendered":"<p>LIEN FRAMAGENDA DE RAPPROCH\u00c9ES RETROUVEZ L&rsquo;AGENDA DES ACTIVIT\u00c9S DE RAPPROCH\u00c9ES<\/p>\n","protected":false},"author":1,"featured_media":632,"parent":0,"menu_order":0,"comment_status":"closed","ping_status":"closed","template":"","meta":{"footnotes":""},"class_list":["post-486","page","type-page","status-publish","has-post-thumbnail","hentry"],"_links":{"self":[{"href":"https:\/\/rapprochees.com\/index.php\/wp-json\/wp\/v2\/pages\/486","targetHints":{"allow":["GET"]}}],"collection":[{"href":"https:\/\/rapprochees.com\/index.php\/wp-json\/wp\/v2\/pages"}],"about":[{"href":"https:\/\/rapprochees.com\/index.php\/wp-json\/wp\/v2\/types\/page"}],"author":[{"embeddable":true,"href":"https:\/\/rapprochees.com\/index.php\/wp-json\/wp\/v2\/users\/1"}],"replies":[{"embeddable":true,"href":"https:\/\/rapprochees.com\/index.php\/wp-json\/wp\/v2\/comments?post=486"}],"version-history":[{"count":10,"href":"https:\/\/rapprochees.com\/index.php\/wp-json\/wp\/v2\/pages\/486\/revisions"}],"predecessor-version":[{"id":631,"href":"https:\/\/rapprochees.com\/index.php\/wp-json\/wp\/v2\/pages\/486\/revisions\/631"}],"wp:featuredmedia":[{"embeddable":true,"href":"https:\/\/rapprochees.com\/index.php\/wp-json\/wp\/v2\/media\/632"}],"wp:attachment":[{"href":"https:\/\/rapprochees.com\/index.php\/wp-json\/wp\/v2\/media?parent=486"}],"curies":[{"name":"wp","href":"https:\/\/api.w.org\/{rel}","templated":true}]}}